93?
1
What is the hundreds digit of 7907?
9
What is the thousands digit of 248756?
8
What is the ten thousands digit of 1307253?
0
What is the tens digit of 211574?
7
What is the hundred thousands digit of 938517?
9
What is the thousands digit of 1922344?
2
What is the hundreds digit of 3642199?
1
What is the ten millions digit of 21949057?
2
What is the hundreds digit of 962104?
1
What is the ten thousands digit of 4142777?
4
What is the hundreds digit of 3582669?
6
What is the hundreds digit of 1170337?
3
What is the tens digit of 302603?
0
What is the thousands digit of 29567?
9
What is the thousands digit of 6962767?
2
What is the hundreds digit of 655235?
2
What is the tens digit of 1233?
3
What is the units digit of 9844488?
8
What is the thousands digit of 182846?
2
What is the thousands digit of 755779?
5
What is the ten thousands digit of 42040614?
4
What is the ten thousands digit of 2644543?
4
What is the units digit of 28598782?
2
What is the hundred thousands digit of 1791273?
7
What is the tens digit of 4975065?
6
What is the tens digit of 130723?
2
What is the thousands digit of 297846?
7
What is the tens digit of 334740?
4
What is the ten thousands digit of 156879?
5
What is the tens digit of 1196925?
2
What is the millions digit of 7577199?
7
What is the units digit of 688279?
9
What is the ten thousands digit of 1743616?
4
What is the hundred thousands digit of 527136?
5
What is the units digit of 1123540?
0
What is the hundreds digit of 1424850?
8
What is the units digit of 197162?
2
What is the hundreds digit of 410224?
2
What is the millions digit of 13209279?
3
What is the tens digit of 841532?
3
What is the units digit of 1960457?
7
What is the tens digit of 557317?
1
What is the tens digit of 1451089?
8
What is the tens digit of 4719922?
2
What is the ten thousands digit of 1526956?
2
What is the ten thousands digit of 792393?
9
What is the units digit of 180133?
3
What is the thousands digit of 189638?
9
What is the units digit of 2175964?
4
What is the tens digit of 397401?
0
What is the units digit of 947108?
8
What is the thousands digit of 961405?
1
What is the millions digit of 2202701?
2
What is the ten thousands digit of 1874258?
7
What is the units digit of 1985357?
7
What is the thousands digit of 265866?
5
What is the units digit of 887801?
1
What is the hundreds digit of 4271697?
6
What is the units digit of 2327184?
4
What is the hundred thousands digit of 3567699?
5
What is the millions digit of 15379736?
5
What is the millions digit of 1543230?
1
What is the hundreds digit of 285179?
1
What is the hundreds digit of 7300197?
1
What is the hundred thousands digit of 20181895?
1
What is the hundreds digit of 39742299?
2
What is the thousands digit of 6411033?
1
What is the millions digit of 1999830?
1
What is the tens digit of 141028?
2
What is the hundreds digit of 1797606?
6
What is the tens digit of 1669692?
9
What is the hundred thousands digit of 2279591?
2
What is the units digit of 72509?
9
What is the thousands digit of 8579061?
9
What is the hundred thousands digit of 101537?
1
What is the hundred thousands digit of 1077318?
0
What is the units digit of 764485?
5
What is the ten thousands digit of 367677?
6
What is the hundreds digit of 946365?
3
What is the hundred thousands digit of 218588?
2
What is the tens digit of 1040180?
8
What is the hundred thousands digit of 108157?
1
What is the hundreds digit of 7779811?
8
What is the hundreds digit of 2294829?
8
What is the hundred thousands digit of 355264?
3
What is the hundred thousands digit of 120858?
1
What is the hundred thousands digit of 348715?
3
What is the millions digit of 10581148?
0
What is the millions digit of 2910294?
2
What is the hundred thousands digit of 243783?
2
What is the units digit of 7448169?
9
What is the hundreds digit of 359739?
7
What is the tens digit of 2005550?
5
What is the thousands digit of 6635516?
5
What is the ten thousands digit of 519107?
1
What is the millions digit of 4405830?
4
What is the ten thousands digit of 21717?
2
What is the tens digit of 11737958?
5
What is the thousands digit of 772040?
2
What is the tens digit of 931657?
5
What is the thousands digit of 587148?
7
What is the thousands digit of 1275143?
5
What is the units digit of 57335?
5
What is the thousands digit of 44548437?
8
What is the units digit of 10899295?
5
What is the hundred thousands digit of 192835?
1
What is the millions digit of 7148551?
7
What is the thousands digit of 59772?
9
What is the hundred thousands digit of 2026620?
0
What is the tens digit of 83770?
7
What is the hundred thousands digit of 157394?
1
What is the tens digit of 5738426?
2
What is the ten thousands digit of 34038815?
3
What is the thousands digit of 1629286?
9
What is the units digit of 435967?
7
What is the units digit of 2854177?
7
What is the hundreds digit of 447096?
0
What is the ten millions digit of 26378671?
2
What is the hundreds digit of 8823781?
7
What is the units digit of 407867?
7
What is the units digit of 788346?
6
What is the hundreds digit of 86324?
3
What is the ten thousands digit of 85456?
8
What is the tens digit of 216073?
7
What is the units digit of 221955?
5
What is the hundreds digit of 1678270?
2
What is the ten thousands digit of 3238578?
3
What is the hundreds digit of 14135371?
3
What is the thousands digit of 1360220?
0
What is the units digit of 3471303?
3
What is the hundreds digit of 57372?
3
What is the millions digit of 3934109?
3
What is the thousands digit of 11904226?
4
What is the tens digit of 2955965?
6
What is the tens digit of 747139?
3
What is the hundreds digit of 6423855?
8
What is the millions digit of 10768021?
0
What is the thousands digit of 9680670?
0
What is the units digit of 359211?
1
What is the hundreds digit of 10539784?
7
What is the hundreds digit of 340632?
6
What is the tens digit of 151503?
0
What is the hundred thousands digit of 220284?
2
What is the ten thousands digit of 172683?
7
What is the hundreds digit of 257536?
5
What is the millions digit of 1644525?
1
What is the hundreds digit of 2389789?
7
What is the hundred thousands digit of 4413572?
4
What is the hundred thousands digit of 2547872?
5
What is the thousands digit of 11308665?
8
What is the hundreds digit of 4225046?
0
What is the tens digit of 5698747?
4
What is the ten thousands digit of 717486?
1
What is the hundred thousands digit of 159451?
1
What is the ten thousands digit of 9390974?
9
What is the tens digit of 2891278?
7
What is the units digit of 7554512?
2
What is the thousands digit of 2176007?
6
What is the tens digit of 5091394?
9
What is the hundred thousands digit of 653711?
6
What is the thousands digit of 3801071?
1
What is the tens digit of 4437594?
9
What is the thousands digit of 37256?
7
What is the hundreds digit of 1725963?
9
What is the ten thousands digit of 25712017?
1
What is the hundreds digit of 91696?
6
What is the ten thousands digit of 149437?
4
What is the tens digit of 1406164?
6
What is the hundred thousands digit of 302082?
3
What is the units digit of 377340?
0
What is the ten thousands digit of 4812518?
1
What is the ten thousands digit of 114566?
1
What is the hundreds digit of 2856404?
4
What is the ten thousands digit of 48408?
4
What is the ten thousands digit of 1708084?
0
What is the hundred thousands digit of 11877228?
8
What is the hundred thousands digit of 5985369?
9
What is the tens digit of 676866?
6
What is the hundreds digit of 6729261?
2
What is the units digit of 8393061?
1
What is the millions digit of 1181667?
1
What is the units digit of 78204?
4
What is the ten thousands digit of 22600934?
0
What is the units digit of 2509186?
6
What is the thousands digit of 811659?
1
What is the hundreds digit of 460258?
2
What is the ten thousands digit of 3135495?
3
What is the thousands digit of 4374220?
4
What is the thousands digit of 62665?
2
What is the tens digit of 9308585?
8
What is the thousands digit of 17127?
7
What is the millions digit of 1442630?
1
What is the thousands digit of 4806414?
6
What is the hundreds digit of 107433?
4
What is the hundreds digit of 239540?
5
What is the tens digit of 4528653?
5
What is the ten millions digit of 12681660?
1
What is the 